s 958 a factor of 1001185?
False
Does 26 divide 31469334?
True
Is 1041408 a multiple of 144?
True
Is 25 a factor of 315125?
True
Is 125180 a multiple of 40?
False
Is 19 a factor of 4828681?
False
Is 98 a factor of 214424?
True
Is 12 a factor of 170160?
True
Is 445029 a multiple of 30?
False
Is 47040 a multiple of 32?
True
Is 572768 a multiple of 45?
False
Is 2726332 a multiple of 14?
True
Is 113805 a multiple of 5?
True
Does 15 divide 71865?
True
Does 33 divide 349823?
False
Is 46640 a multiple of 86?
False
Does 22 divide 231426?
False
Does 6 divide 11835530?
False
Does 38 divide 360409?
False
Does 19 divide 1440168?
False
Does 94 divide 153690?
True
Is 210393 a multiple of 241?
True
Is 31438 a multiple of 2?
True
Is 130733 a multiple of 10?
False
Is 53 a factor of 5011733?
True
Does 32 divide 183392?
True
Is 6 a factor of 268710?
True
Is 165 a factor of 143183?
False
Does 39 divide 1181817?
True
Does 140 divide 318500?
True
Is 8 a factor of 68144?
True
Is 3636933 a multiple of 27?
False
Is 341 a factor of 114576?
True
Is 41 a factor of 39114?
True
Is 14 a factor of 4857499?
False
Is 175535 a multiple of 266?
False
Is 177 a factor of 99366?
False
Is 8600060 a multiple of 140?
True
Does 277 divide 6400403?
False
Does 297 divide 1332141?
False
Is 47 a factor of 357328?
False
Does 520 divide 1661264?
False
Is 449 a factor of 9020583?
False
Is 284 a factor of 2530440?
True
Does 19 divide 7079797?
False
Is 11 a factor of 9698865?
True
Is 269412 a multiple of 26?
True
Is 10688223 a multiple of 357?
True
Does 29 divide 1043903?
False
Is 299 a factor of 2262473?
False
Is 2 a factor of 42759?
False
Does 166 divide 8844480?
True
Is 890599 a multiple of 10?
False
Does 111 divide 52614?
True
Does 67 divide 2488447?
True
Is 1203005 a multiple of 11?
False
Does 8 divide 35808?
True
Is 357175 a multiple of 39?
False
Is 95340 a multiple of 60?
True
Is 61 a factor of 91927?
True
Is 654676 a multiple of 11?
True
Is 1046737 a multiple of 756?
False
Does 15 divide 461715?
True
Is 14 a factor of 1040431?
False
Is 1035216 a multiple of 336?
True
Is 7673500 a multiple of 100?
True
Does 19 divide 48004?
False
Is 340 a factor of 2235067?
False
Does 8 divide 199928?
True
Is 9 a factor of 4594338?
True
Is 2684 a multiple of 6?
False
Is 1877112 a multiple of 87?
True
Does 10 divide 1524760?
True
Is 21022547 a multiple of 91?
True
Does 72 divide 3951864?
True
Is 124581 a multiple of 2?
False
Is 40970 a multiple of 3?
False
Is 70 a factor of 10220?
True
Is 3939331 a multiple of 53?
True
Is 35 a factor of 194285?
True
Does 216 divide 9203544?
True
Is 297 a factor of 396495?
True
Does 333 divide 5313703?
False
Does 202 divide 950465?
False
Is 3 a factor of 90414?
True
Does 354 divide 155906?
False
Is 19 a factor of 201092?
False
Is 31 a factor of 806410?
False
Does 342 divide 519156?
True
Is 1272 a factor of 7956676?
False
Does 2 divide 4395?
False
Is 311154 a multiple of 20?
False
Is 13127906 a multiple of 1103?
True
Is 7600144 a multiple of 1742?
False
Does 33 divide 169092?
True
Does 2 divide 1098007?
False
Is 583827 a multiple of 516?
False
Does 385 divide 2078753?
False
Is 78833 a multiple of 31?
True
Is 52 a factor of 21944?
True
Is 11614 a multiple of 6?
False
Does 8 divide 161328?
True
Is 70 a factor of 1599570?
True
Is 1543415 a multiple of 115?
True
Does 30 divide 126365?
False
Is 2295903 a multiple of 2?
False
Does 220 divide 90276?
False
Is 373 a factor of 90639?
True
Is 243 a factor of 2975814?
False
Does 12 divide 268022?
False
Is 354198 a multiple of 10?
False
Is 25 a factor of 2384700?
True
Is 10947150 a multiple of 1377?
True
Is 407 a factor of 693691?
False
Does 9 divide 3640679?
False
Is 359361 a multiple of 118?
False
Is 3133644 a multiple of 930?
False
Is 9613 even?
False
Does 41 divide 126403?
True
Is 72335 a multiple of 391?
True
Is 2150479 a multiple of 103?
False
Does 163 divide 4401?
True
Is 9631035 a multiple of 9?
True
Does 427 divide 73969?
False
Is 465160 a multiple of 12?
False
Is 1200612 a multiple of 42?
True
Does 49 divide 124865?
False
Is 2 a factor of 198959?
False
Is 373138 a multiple of 62?
False
Does 127 divide 2279777?
True
Does 95 divide 5018565?
True
Does 18 divide 1362186?
True
Is 1396754 a multiple of 34?
True
Is 488612 a multiple of 47?
True
Is 131 a factor of 5584893?
False
Is 392 a factor of 15518085?
False
Is 9 a factor of 9334?
False
Does 49 divide 2826565?
True
Is 51 a factor of 153161?
False
Does 347 divide 357063?
True
Is 3 a factor of 3555031?
False
Is 18 a factor of 97488?
True
Is 250 a factor of 399250?
True
Does 21 divide 425308?
False
Is 13 a factor of 211237?
True
Does 95 divide 261079?
False
Is 181 a factor of 40182?
True
Is 27 a factor of 13841022?
False
Is 1654638 a multiple of 63?
False
Is 69991 a multiple of 25?
False
Is 144 a factor of 835776?
True
Does 105 divide 447661?
False
Is 133788 a multiple of 20?
False
Does 7 divide 44023?
True
Is 2179513 a multiple of 112?
False
Does 18 divide 1134828?
True
Is 4 a factor of 30158?
False
Does 63 divide 203568?
False
Is 6 a factor of 815440?
False
Is 22 a factor of 1791130?
True
Does 11 divide 53009?
True
Does 188 divide 330128?
True
Is 10 a factor of 12587977?
False
Does 107 divide 48257?
True
Is 101423 a multiple of 5?
False
Is 757788 a multiple of 41?
False
Is 735 a factor of 2690100?
True
Is 8737575 a multiple of 267?
True
Does 9 divide 2790288?
True
Is 3 a factor of 58509?
True
Does 30 divide 1223045?
False
Does 12 divide 5229742?
False
Is 23 a factor of 1544410?
False
Is 22145179 a multiple of 372?
False
Is 130 a factor of 930020?
True
Is 884458 a multiple of 77?
False
Is 103 a factor of 1175848?
True
Is 118 a factor of 457014?
True
Is 599 a factor of 5697688?
True
Is 218 a factor of 4455?
False
Is 23 a factor of 5013402?
True
Is 634787 a multiple of 3?
False
Is 3 a factor of 61730?
False
Is 17 a factor of 2924952?
True
Does 48 divide 569568?
True
Is 502758 a multiple of 209?
False
Is 44671 a multiple of 617?
False
Is 814723 a multiple of 31?
False
Is 2 a factor of 362201?
False
Is 16 a factor of 336451?
False
Is 9652510 a multiple of 7?
True
Does 378 divide 192402?
True
Is 360 a factor of 3076400?
False
Is 98932 a multiple of 23?
False
Is 34 a factor of 6149070?
True
Is 261723 a multiple of 19?
False
Does 9 divide 726130?
False
Is 6 a factor of 271579?
False
Is 32 a factor of 47762?
False
Is 314887 a multiple of 56?
False
Is 10 a factor of 64491?
False
Does 38 divide 4840858?
True
Is 4144146 a multiple of 543?
False
Is 8 a factor of 41651?
False
Is 394665 a multiple of 415?
True
Does 21 divide 5917275?
True
Is 3 a factor of 28421?
False
Is 19 a factor of 505935?
False
Is 2089330 a multiple of 122?
False
Is 69638 a multiple of 42?
False
Does 16 divide 34103950?
False
Does 7 divide 316134?
True
Does 173 divide 369263?
False
Is 87507 even?
False
Is 582 a factor of 324174?
True
Does 61 divide 97437?
False
Is 5877192 a multiple of 24?
True
Does 406 divide 5036371?
False
Is 696 a factor of 2375082?
False
Is 84 a factor of 2672628?
True
Does 645 divide 218010?
True
Is 116494 a multiple of 108?
False
Does 5 divide 378582?
False
Is 790 a factor of 2603840?
True
Does 38 divide 1610972?
True
Is 7512321 a multiple of 7?
False
Is 238057 a multiple of 9?
False
Does 138 divide 344486?
False
Is 242625 a multiple of 123?
False
Is 24 a factor of 33600?
True
Does 154 divide 157722?
False
Is 883419 a multiple of 389?
True
Does 10 divide 201944?
False
Is 3074068 a multiple of 144?
False
Is 346294 a multiple of 11?
False
Is 122 a factor of 3430640?
True
Does 109 divide 74556?
True
Does 11 divide 160149?
True
Does 4 divide 8210?
False
Is 31 a factor of 3798430?
True
Is 189 a factor of 78057?
True
Is 69 a factor of 3741442?
False
Is 15 a factor of 14997?
False
Does 72 divide 999677?
False
Is 237 a factor of 482878?
False
Is 49451 a multiple of 8?
False
Is 36385 a multiple of 21?
False
Is 140 a factor of 4430326?
False
Is 795600 a multiple of 26?
True
Is 7969496 a multiple of 1132?
False
Is 10929528 a multiple of 86?
False
Is 49883 a multiple of 83?
True
Is 2142744 a multiple of 222?
True
Is 7560349 a multiple of 112?
False
Does 13 divide 2118272?
True
Does 106 divide 524506?
False
Does 5 divide 891615?
True
Is 821 a factor of 891606?
True
Is 148 a factor of 4853482?
False
Is 1003281